r of 16446157?
False
Is 3013337688 a multiple of 3548?
True
Is 62400792 a multiple of 8?
True
Is 302572791 a multiple of 27?
False
Is 15 a factor of 34546026?
False
Is 4062873304 a multiple of 1017?
False
Is 2455 a factor of 202661042?
False
Is 448262919 a multiple of 299?
False
Does 117 divide 153645443?
False
Does 7 divide 205309454?
True
Does 130 divide 181661480?
True
Is 28 a factor of 38377612?
True
Is 3416561967 a multiple of 95?
False
Is 1809 a factor of 819182374?
False
Is 1717950 a multiple of 25?
True
Is 10 a factor of 279962695?
False
Does 7 divide 2768318?
True
Is 131 a factor of 718044405?
True
Is 1138 a factor of 2795631437?
False
Is 263549077 a multiple of 23?
False
Is 37179482 a multiple of 14?
False
Is 61 a factor of 137412799?
False
Is 225591758 a multiple of 574?
True
Is 623725 a multiple of 2?
False
Does 224 divide 3129092960?
True
Is 238 a factor of 15287476?
False
Does 4556 divide 1536073624?
True
Does 312 divide 42571152?
True
Is 336363716 a multiple of 1507?
False
Does 3265 divide 45426702?
False
Is 15 a factor of 191282775?
True
Does 142 divide 13119101?
False
Is 91684463 a multiple of 3417?
False
Is 242 a factor of 42429618?
True
Is 129 a factor of 1898628837?
True
Is 15 a factor of 156975?
True
Does 37 divide 4001550?
True
Does 887 divide 121863625?
False
Is 101176334 a multiple of 2525?
False
Is 205 a factor of 57369632?
False
Does 32 divide 90944736?
True
Does 923 divide 229664303?
False
Is 184 a factor of 83342064?
True
Is 4 a factor of 207464903?
False
Is 5263752 a multiple of 104?
True
Is 1048029 even?
False
Does 652 divide 13337992?
False
Does 6 divide 2838384?
True
Is 8882082 a multiple of 99?
True
Is 52 a factor of 577529463?
False
Is 108868060 a multiple of 740?
True
Does 791 divide 11438008?
False
Is 156 a factor of 1551127271?
False
Is 5752967513 a multiple of 4012?
False
Does 607 divide 10894447?
False
Does 47 divide 118796504?
False
Does 201 divide 557659626?
True
Is 274942851 a multiple of 3?
True
Is 41716818 a multiple of 234?
True
Is 14 a factor of 2546693366?
True
Is 12 a factor of 1466303628?
True
Is 1648 a factor of 10280224?
True
Is 1140821182 a multiple of 34?
False
Is 80719469 a multiple of 446?
False
Is 403 a factor of 209721778?
False
Is 3 a factor of 279541796?
False
Does 6 divide 40942793?
False
Does 1854 divide 255761154?
True
Is 154206995 a multiple of 7?
False
Is 1174 a factor of 30773829?
False
Is 10263003 a multiple of 184?
False
Does 2086 divide 41538518?
True
Is 32 a factor of 3750725770?
False
Is 236126114 a multiple of 27?
False
Is 501802820 a multiple of 1174?
True
Is 6152200 a multiple of 950?
True
Does 12 divide 202147448?
False
Is 27186354 a multiple of 662?
True
Is 3327958813 a multiple of 1151?
True
Does 250 divide 640504500?
True
Is 551775042 a multiple of 6737?
False
Is 1642 a factor of 1163164528?
False
Is 53975218 a multiple of 268?
False
Is 84519864 a multiple of 312?
True
Is 39636433 a multiple of 86?
False
Is 19 a factor of 22264073?
False
Does 1062 divide 2148891861?
False
Is 17532261 a multiple of 9?
True
Is 93 a factor of 11271135?
True
Is 196945986 a multiple of 4286?
True
Does 1383 divide 380820918?
False
Is 36512468 a multiple of 1004?
True
Does 99 divide 54068223?
False
Does 1030 divide 953327830?
True
Does 187 divide 2741015893?
True
Is 64 a factor of 104338017?
False
Is 9 a factor of 356993910?
True
Is 74202500 a multiple of 25?
True
Is 328 a factor of 2347295?
False
Is 12 a factor of 1444336773?
False
Is 49 a factor of 39254145?
True
Is 846 a factor of 562295702?
False
Does 349 divide 41047984?
True
Is 16 a factor of 14651200?
True
Is 3 a factor of 50487?
True
Does 493 divide 2200697770?
True
Does 6889 divide 990906871?
True
Is 40 a factor of 362483400?
True
Is 2714 a factor of 752307728?
False
Is 136764432 a multiple of 38?
True
Is 2131515 even?
False
Is 733209840 a multiple of 216?
True
Is 1323452130 a multiple of 55?
True
Is 659 a factor of 75168176?
True
Does 2 divide 82472760?
True
Is 6 a factor of 40860073?
False
Does 832 divide 93436541?
False
Does 29 divide 6599762?
True
Is 742 a factor of 17060958?
False
Is 6098231 a multiple of 61?
True
Is 1432 a factor of 10558136?
True
Is 36997788 a multiple of 617?
True
Is 668297037 a multiple of 16?
False
Does 327 divide 5102358969?
False
Is 46751225 a multiple of 47?
False
Does 297 divide 231055902?
True
Does 944 divide 55291095?
False
Is 1533492 a multiple of 6?
True
Does 45 divide 78374197?
False
Is 11 a factor of 102146913?
True
Is 314697984 a multiple of 48?
True
Is 1742 a factor of 18261386?
True
Does 858 divide 217671014?
False
Does 456 divide 359357184?
True
Is 26 a factor of 4147910?
True
Is 578762028 a multiple of 7596?
True
Is 42336164 a multiple of 923?
True
Is 328216914 a multiple of 17?
False
Is 24 a factor of 44236161?
False
Is 741 a factor of 7877571?
True
Is 677365661 a multiple of 2569?
True
Is 7204 a factor of 700076725?
False
Is 500727483 a multiple of 177?
False
Is 218452103 a multiple of 51?
False
Is 1399264825 a multiple of 25?
True
Is 149734542 a multiple of 138?
False
Does 732 divide 240121107?
False
Does 10 divide 1576575924?
False
Is 68844308 a multiple of 1898?
False
Does 245 divide 645689765?
False
Does 29 divide 170200768?
True
Is 361 a factor of 3098531590?
True
Is 10 a factor of 81575424?
False
Does 3 divide 16128474?
True
Does 147 divide 9992376?
False
Does 277 divide 4215109?
True
Does 21 divide 12706764?
True
Is 2725818 a multiple of 815?
False
Does 78 divide 69697992?
True
Is 4937 a factor of 120513350?
False
Is 1026982278 a multiple of 18?
True
Is 210 a factor of 17621520?
True
Is 288 a factor of 27691387?
False
Is 36 a factor of 32291640?
True
Is 168432976 a multiple of 800?
False
Is 82 a factor of 123508482?
True
Is 2003 a factor of 849518369?
True
Is 21 a factor of 37510526?
False
Does 2261 divide 1232692678?
True
Is 442108 a multiple of 40?
False
Is 307505377 a multiple of 32?
False
Does 10 divide 335015120?
True
Is 263476430 a multiple of 5345?
True
Does 10 divide 7748270?
True
Is 31 a factor of 68179013?
True
Is 120818430 a multiple of 177?
True
Is 801047982 a multiple of 117?
False
Is 24 a factor of 16060424?
False
Is 30 a factor of 41483490?
True
Is 16100732 a multiple of 6?
False
Is 106230614 a multiple of 1621?
True
Is 26106525 a multiple of 556?
False
Is 27 a factor of 3534203?
False
Is 5112104 a multiple of 17?
True
Is 453 a factor of 63329038?
False
Does 204 divide 467155140?
False
Is 5 a factor of 46864379?
False
Is 1045 a factor of 2791195?
True
Does 24 divide 351794007?
False
Is 10 a factor of 11138243?
False
Is 384 a factor of 20095488?
True
Is 3400868 a multiple of 4?
True
Does 11 divide 26482456?
True
Does 8 divide 366348832?
True
Does 806 divide 30101682?
True
Does 79 divide 70906861?
False
Is 4709 a factor of 1000273117?
False
Does 1392 divide 114915737?
False
Does 1211 divide 274834158?
False
Does 990 divide 606359411?
False
Is 66 a factor of 100850090?
False
Is 149051994 a multiple of 42?
True
Does 259 divide 188137103?
False
Does 26 divide 4605429925?
False
Is 64 a factor of 545169792?
True
Is 350 a factor of 7093008?
False
Does 18 divide 155011333?
False
Is 32 a factor of 1339621968?
False
Is 18 a factor of 46287180?
True
Is 76 a factor of 61952858?
False
Is 18169308 a multiple of 7?
False
Does 16 divide 2348012?
False
Is 179725081 a multiple of 1935?
False
Is 64 a factor of 309257719?
False
Is 6 a factor of 144626574?
True
Is 26151146 a multiple of 55?
False
Does 83 divide 33959987?
False
Is 6 a factor of 2045398?
False
Is 11 a factor of 2814100212?
True
Is 18 a factor of 31142934?
True
Is 3985474 a multiple of 85?
False
Does 24 divide 56534076?
False
Is 5037 a factor of 4103356791?
True
Does 96 divide 145574304?
True
Does 787 divide 11048101?
False
Is 407964441 a multiple of 20?
False
Is 5441 a factor of 1529149522?
True
Is 342 a factor of 10146114?
True
Is 365156022 a multiple of 3553?
True
Is 3295544 a multiple of 98?
True
Does 1015 divide 11233005?
True
Does 1399 divide 165843056?
True
Is 161 a factor of 438029497?
False
Is 393 a factor of 7110980?
False
Is 911 a factor of 126947078?
False
Is 117 a factor of 238683338?
False
Is 982 a factor of 857271447?
False
Does 22 divide 218349186?
True
Is 286524425 a multiple of 427?
False
Is 1061 a fact